-4)/(-5))/(z/35) + 154.
2, 19
Suppose -x + 0*x = -5*z + 310, -3*z - 5*x + 214 = 0. Let j = -1238 + 1259. What are the prime factors of 6/j - (-4014)/z?
2
Let s(l) = 17*l**2 + 48*l + 246. List the prime factors of s(-16).
2, 5, 383
Let q be 2/4*(0 - (5 - 5)). Suppose -6*r + 112 + 6890 = q. What are the prime factors of r?
3, 389
Suppose 0 = -8*a + 26*a - 810145 + 100513. What are the prime factors of a?
2, 7, 11
Suppose -23 = 59*t - 6 + 42. Let p(v) = v**2 - 4*v - 7. Let o be p(6). List the prime factors of (16/3)/(t/(-240)*o).
2
Suppose -a + 2*r = 1095, -5*r + 4374 = 3*a - 7*a. Let l = -644 - a. Suppose -l = -5*g + 398. List the prime factors of g.
13
Let z(p) = 6*p**3 - 4*p**2 - 8*p + 11. Let u be z(-8). Let y = u + 4711. List the prime factors of y.
2, 3
Let z = -51 + 33. What are the prime factors of (2 + 3)*(-6)/z*240?
2, 5
Let n(l) = -2*l**2 + 19*l - 22. Let w(b) = -b**2 + 12*b - 15. Let v(i) = -5*n(i) + 8*w(i). What are the prime factors of v(-6)?
2, 7
Let q be -122*(45/(-6))/3. Let a = -453 + 633. Let o = q - a. List the prime factors of o.
5
Let v(h) = h**3 + 83*h**2 - 23*h - 96. What are the prime factors of v(-82)?
2, 3, 11, 43
Let y(h) = -h**2 - 4*h**2 + 4 - 2*h**3 - 84*h + 91*h + 0*h**3. Suppose 3*k + 15 = -0*k. What are the prime factors of y(k)?
2, 47
Let t be (-1 + 1)*(0 - -1). Let v(h) = h**2 - 2*h + 5. Let y be v(t). Suppose y*g = 3*f + 226, g - 67 + 15 = 4*f. List the prime factors of g.
2, 11
List the prime factors of 2/((-2)/(-98397)*13).
3, 29
What are the prime factors of 2/(158228/14384 + -11)?
2, 29, 31
Let n be (8/6)/((-41)/(-64083)). What are the prime factors of (12/(-2))/(-24)*n?
521
List the prime factors of (-100 + -2 - 5)*(-222)/18*3.
37, 107
Let c be (0 - 0) + 0/(-10). Suppose 0 = -3*i - 5*x - 6, 3*x + 12 = i - c*i. List the prime factors of 302/8*(i - -1).
151
Let h be (-2 - 2)/(6*(-3)/9). List the prime factors of 621/h + 3/2 + -2.
2, 5, 31
Let s(t) = 3*t + 80. Suppose 0 = 6*i + 19 + 11. Let v be ((-20)/16)/i + (-357)/(-28). List the prime factors of s(v).
7, 17
Suppose -276*g = -246*g - 245100. List the prime factors of g.
2, 5, 19, 43
Suppose 5*c - 11060 = -9*c. What are the prime factors of c?
2, 5, 79
Let v(j) = -6*j - 8. Let x be v(-5). Let p(f) = -2*f - 31. Let k be p(-16). List the prime factors of 0 + (-1 - k) + x.
2, 5
Let z(t) be the third derivative of -37*t**4/24 + 31*t**2. List the prime factors of z(-9).
3, 37
Suppose -34905 = 2*s - 7*s. Suppose s = 14*n + 1969. Let y = 604 - n. List the prime factors of y.
2, 3, 41
List the prime factors of (1/2 - (-3 + -1))*940714/303.
3, 4657
Let o(z) be the second derivative of -z**5/20 - 13*z**4/12 + 10*z**3/3 + 3*z**2 - 16*z. Let q be o(-14). What are the prime factors of (-2 + 6/4)*q?
3, 13
Let k(o) = -o**2 - 24*o - 48. Let j = 47 - 66. Let q be k(j). What are the prime factors of q*(-14)/(-4) - (-14)/(-28)?
2, 41
Suppose -17*b + 3*b + 70 = 0. Suppose -7*z + 2*z + 570 = 0. Suppose -d = q - 351 + z, -b*d + 1225 = -3*q. List the prime factors of d.
2, 11
Let u = 64 + -61. Suppose u*p = 8*p. Suppose 0 = -5*a + w - p*w + 146, -4*w = -2*a + 62. List the prime factors of a.
29
Let l be -6 + 5 - (-4)/8*10. Let h(f) = 10*f**3 + f**2 - 2*f + 1. Let j be h(1). What are the prime factors of (248/j)/(l/10)?
2, 31
Let v = 78 + 2895. What are the prime factors of v?
3, 991
Let d be -1778*((-54)/(-12))/9. Let s = -493 - d. What are the prime factors of s?
2, 3, 11
Suppose -26*a = -22*a - 32. Let s(m) = -48*m**2 - a*m + 40*m**2 - m**3 - m**3. List the prime factors of s(-5).
2, 3, 5
Let l = 1871 + -1835. Suppose 3*g - 185 = 211. Suppose 2*j - g = -l. List the prime factors of j.
2, 3
Let w be (2 - 3) + 2 + -1. Suppose -10*r = -w*r - r. Suppose r = 7*i - 0*i - 350. List the prime factors of i.
2, 5
Let o = -6792 - -17019. List the prime factors of o.
3, 7, 487
Let g = 9063 + -3109. Suppose -10*q - g = -36*q. What are the prime factors of q?
229
Suppose -p = -74 - 14. Suppose 2*a + 2*o = 34, -5*a - 5*o + o + p = 0. What are the prime factors of a?
2, 5
Let j be -7*2*209/22. Let m = j - -202. List the prime factors of m.
3, 23
Suppose 93*g - 661076 - 421952 = -53*g. What are the prime factors of g?
2, 3709
Suppose -2*f = -3*y - 5, f + y - 4*y = 1. Suppose -z - 2*r - 4 = 0, -r = f*r + 15. List the prime factors of 1054/10 - z/5.
3, 5, 7
Let a = 65740 - 13845. List the prime factors of a.
5, 97, 107
Suppose 145355 - 121861 = -10*c + 818554. What are the prime factors of c?
2, 3, 7, 631
Let q be (-3)/(-4) - ((-143)/44 + -1). Suppose -q*g - 1595 = -4335. What are the prime factors of g?
2, 137
Let m(j) = 2*j**3 + 10*j**2 - 12*j + 10. Let u be m(-6). List the prime factors of (-1)/u - 4020/(-200).
2, 5
Suppose 4*x = 11 + 9. Suppose x*o - 132 + 2 = 0. List the prime factors of o.
2, 13
Let s(q) = -10*q**2 - 97*q + 6. Let l be s(-10). Let k = l + 497. What are the prime factors of k?
11, 43
List the prime factors of (64/36)/4 - (8 + (-1215168)/108).
2, 3, 937
Let j(u) = -18*u + 6. Let x be j(2). Let l be (-172)/(-6) - (-20)/x. What are the prime factors of 2/1*l - 0/(-2)?
2, 7
Let k be (4 + (-20)/6)/((-4)/(-24)). Suppose 3*s - 2007 = -5*d + d, 12 = -k*d. What are the prime factors of s?
673
Let r = -86 + 90. Suppose -3*g = 4*c - 8, -r = -4*c + 2*g - 6*g. Suppose -7*a + f = -3*a - 394, -2*f + 486 = c*a. List the prime factors of a.
2, 7
Suppose 10*c - 22950 = 5970. List the prime factors of c.
2, 3, 241
Let g(w) = 5*w**2 + 2*w - 10. Let h(y) = 9*y + 122. Let t be h(-14). What are the prime factors of g(t)?
2, 31
Let n = 671 + -214. Let a = n + 280. What are the prime factors of a?
11, 67
Let p(t) = -48*t - 24. Let u be p(-5). Let i = 363 - u. Suppose 10*b - 9*b - i = 0. List the prime factors of b.
3, 7
Let u = 195 - 216. Let l(m) = 49 - 19*m - 6*m**2 + 26*m**2 - 2*m + m**3. What are the prime factors of l(u)?
7
Suppose -451866 = -86*z + 156027 + 23863. List the prime factors of z.
2, 3673
Let u(n) = -4*n - 4. Let t be u(-1). List the prime factors of (-4 - -65 - 3) + 3 - t.
61
Let l(w) = 2*w**3 - w**2 + 7*w - 7. Suppose -10 = -3*j - 37. Let n = j + 14. What are the prime factors of l(n)?
11, 23
Suppose 4*b - 2*t = 318, -5*b + 251 + 160 = 2*t. Let h = b + -87. List the prime factors of (255/h)/1*-2.
5, 17
Let g = -6451 - -16021. Suppose 6*c + 9*c - g = 0. List the prime factors of c.
2, 11, 29
Let d(k) = 1184*k**3 - 50*k**2 + 110*k - 16. List the prime factors of d(2).
2, 23, 103
Suppose 0 = u + 4*u - 4*v - 14, -u - 5*v = 3. Suppose -26 - 2 = -u*o. Let p(t) = 10*t + 31. List the prime factors of p(o).
3, 19
Let r = 12405 - 4923. List the prime factors of r.
2, 3, 29, 43
Let l be 4*((-2 - -1) + 2). Suppose -5*v = -2*d + 18, l*v + 14 = 2*d - 2. Suppose -w = d*w + x - 163, 5*w = -4*x + 172. List the prime factors of w.
2
Let l(p) = -p**3 - 2*p**2 + 4*p - 3. Let y be l(3). Let b = y - -40. Suppose -b*d = -2*d - 130. List the prime factors of d.
5, 13
Let c(o) = 5737*o - 622. List the prime factors of c(3).
53, 313
Let y = -9944 - -21478. What are the prime factors of y?
2, 73, 79
Let c be (-35)/(-15) - 5/(30/(-4)). Suppose 5*t - 10 = 3*q, c*t - 10 = 2*q - q. What are the prime factors of (t - (-15)/(-6))/((-1)/(-50))?
5
Let k = -2138 - -5510. Let y = k + -2248. List the prime factors of y.
2, 281
Let u(a) = 2*a**3 + 5*a**2 - 111*a - 10. List the prime factors of u(11).
2, 509
Let j(t) be the first derivative of -t**3/3 + 3*t**2 + 11*t + 34. Let z be j(7). Suppose -83 = -3*l + z*h, 42 = 2*l + 5*h - 21. What are the prime factors of l?
29
Let g(p) = p**3 + 27*p**2 + 25*p - 23. Let d be g(-26). Let f be d/6 + 261/2. Suppose -f - 151 = -3*j. List the prime factors of j.
2, 47
Let z = 259 - 263. Let p(c) = 28*c**2 + 4*c + 13. List the prime factors of p(z).
5, 89
What are the prime factors of ((-77)/(-11))/(-2 - (-39591)/19794)?
2, 7, 3299
Suppose -4*i - 4*z = -48653 - 2583, 15 = 3*z. List the prime factors of i.
2, 3, 11, 97
Let a = 160138 + -89809. List the prime factors of a.
3, 7, 17, 197
Suppose -40620 = 4*f - 19*f + 59100. What are the prime factors of f?
2, 3, 277
Suppose 5*p = -2*m + 8860, 4*m = -3*p + 20809 - 3103. List the prime factors of m.
3, 5, 59
Let g(x) = 55*x**2 - 1. Let p(k) = 1. Let v(j) = -55*j**2 + 4. Let m(u) = 3*p(u) - v(u). Let a(d) = -3*g(d) + 4*m(d). List the 